-3 + -57)/(-3)*(i - -2). What is the greatest common factor of 80 and m?
20
Let n be 8610/(-41)*(-4)/6. What is the highest common factor of n and 532?
28
Suppose 0 = -5*m + 1921 + 654. Let x = m - 281. Suppose 4*l - l = x. Calculate the highest common factor of l and 195.
39
Let u be 1*(-8)/4*3/(-3). Suppose -2*b - 5*x = 22 - 96, 4*b = u*x + 100. Calculate the highest common divisor of b and 162.
27
Let v be (-1)/((-3)/197)*(-4 - -10). Let z = v + -372. Let n(w) = 22*w**2. Let d be n(-1). Calculate the greatest common factor of d and z.
22
Suppose 83 = v + 5*g - 63, 5*g + 15 = 0. Let f = 177 - v. What is the greatest common factor of 16 and f?
16
Suppose 2*k = -4*k. Suppose m + 4 - 5 = k. Suppose -4*t = -29 + m. What is the greatest common factor of 56 and t?
7
Suppose -5*j = -35, 5*w - 3*j - 1 = 43. Calculate the greatest common divisor of 15509 and w.
13
Let h be -72*(-12 + (-376)/(-32)). Let q = 723 + -489. What is the highest common divisor of q and h?
18
Let h(q) = -3*q**2 - 7*q + 9. Let w be h(-4). Let t(i) = i + 6. Let m be t(w). Let r be (-65)/(-6) - m/30. What is the highest common factor of r and 55?
11
Let r = -71 + 68. Let g be 114 - (r - (4 + -9)). What is the highest common factor of g and 14?
14
Let l = 558 - 496. Suppose 11*p = l + 301. What is the greatest common factor of p and 220?
11
Let y(o) = 6*o**2 + 3*o + 3. Let q be y(3). Let i(p) = -37*p + 1878. Let t be i(46). Calculate the highest common divisor of t and q.
22
Let o(r) = -17*r**2 + 8*r + 462. Let k be o(0). Calculate the highest common factor of k and 1188.
66
Let o be ((-20)/6)/(2/(-39)). Let j(y) = 3*y**2 + 814*y - 4119. Let t be j(5). Calculate the greatest common divisor of o and t.
13
Let o(q) = -60*q + 138. Let t be o(0). Calculate the greatest common factor of 920 and t.
46
Let g = -37 + 88. Let s(v) = -v**3 - 11*v**2 - 8*v - 16. Let w be s(-11). Suppose -47*t = -g*t + w. What is the highest common factor of 126 and t?
18
Let p be 0 + 2 - (5 - -3)/4. Let r(y) = -y**3 - y**2 - 4. Let j be r(p). Let q be ((-330)/45)/(j/246). Calculate the greatest common factor of 41 and q.
41
Suppose -3*b + 5*r + 0*r = -490, b + r - 166 = 0. Suppose 0 = -12*w + 15*w - b. What is the greatest common divisor of 5 and w?
5
Let t = 1354 + -1109. Calculate the greatest common divisor of t and 1323.
49
Let o(x) = -x + 8. Let z be o(-10). Let t = 23 - z. Suppose 75 = 2*g - t*a - 13, -2*g - 2*a + 74 = 0. Calculate the greatest common divisor of g and 26.
13
Let k be 24/228 + 86/266 + (-25)/(-7). Calculate the greatest common factor of k and 460.
4
Let z(s) = -2*s + 6. Let m be z(6). Let g be 4/m - ((-62)/3 + 4). Calculate the greatest common divisor of 2 and g.
2
Suppose -2*c + 4*c - 62 = -5*n, 0 = 5*c - 5*n - 120. Suppose -c*k + 22*k = -216. Let g = -48 + k. Calculate the greatest common divisor of g and 4.
2
Let x(j) = -244*j - 26024. Let z be x(-107). Let f = -39 + 57. Calculate the greatest common factor of z and f.
6
Let q be -21*(-3)/9 + (9170 - 1). What is the greatest common factor of q and 31?
31
Let h be (822/(-9))/(-3*(-2)/(-36)). Let c = h + -353. Calculate the highest common factor of c and 78.
39
Let k be 10/2 - 16/(-4). Let o(u) = -u**3 - 42*u**2 - 49*u - 103. Let w be o(-41). Calculate the highest common divisor of k and w.
9
Let w(b) = 8*b - 258. Let s be w(31). Let o be (0 + -213)/(s - (8 + -17)). What is the greatest common divisor of 284 and o?
71
Let v be 2 + -3 - 23/(115/(-30)). Let x(b) = 33*b - 35. Let c be x(v). Calculate the highest common factor of 20 and c.
10
Suppose 7513 + 60583 = 133*h. Calculate the highest common divisor of 176 and h.
16
Let g(f) = -44*f + 2026. Let x be g(-16). What is the highest common divisor of x and 1680?
210
Let a be 1856/12 + (-4)/6. Let t = -7796 - -7862. Calculate the highest common divisor of t and a.
22
Let r = -773 - -859. Suppose -2*s + n = -167, -s + 2*n - r = -2*s. Calculate the greatest common factor of s and 196.
28
Let f(b) = 12*b**2 + 2*b. Let c be f(-3). Let z = 219227 + -219193. What is the greatest common divisor of z and c?
34
Suppose x + 2*x - 171 = 0. Let m = -2157 + 2273. Suppose h - 135 = -m. Calculate the highest common divisor of x and h.
19
Let k be 20/6*(25/2 + -11). Let q(p) = 19*p - 73. Let c be q(k). What is the greatest common divisor of c and 66?
22
Let b = 22 + -35. Let a = 28 + b. Suppose -13*g = -14*g + a. What is the greatest common factor of g and 135?
15
Let r = -29809 - -29885. What is the highest common divisor of r and 28?
4
Let y(f) = f**3 + 20*f**2 + 16*f - 54. Let w be y(-9). Calculate the highest common divisor of 42 and w.
21
Suppose -18*b + 22*b = 272. Let h = 105 - b. Suppose 35*n = h*n - 18. Calculate the highest common divisor of n and 45.
9
Let a be (680 - 0 - -3) + -1. What is the highest common divisor of a and 154?
22
Let v = 877 - 508. Let x = -349 + v. What is the greatest common factor of 16 and x?
4
Let w be (11 + -170)*-31*(3 + 8/(-3)). What is the highest common factor of w and 742?
53
Let n(d) = d**2 - 57*d + 106. Let o be n(0). Calculate the highest common divisor of o and 2014.
106
Suppose -277 - 143 = -14*r. What is the greatest common divisor of r and 1090?
10
Let d be (2 + (-273)/14)*(0 + 2). Let c = 64 + d. Suppose -295 - c = -4*f. What is the highest common factor of f and 9?
9
Suppose 38*t = -29*t - 21*t + 34760. What is the greatest common divisor of t and 5?
5
Let o(j) = 5*j - 7. Suppose -10 - 6 = -2*y. Let r be o(y). Let m be 4/2 + 85 + -76. What is the highest common divisor of r and m?
11
Let z(q) = 16*q**2 + 278*q - 62. Let c be z(-24). Calculate the highest common factor of c and 306.
34
Let a be ((-56)/6)/((-3)/(-9)*-2). Let k be 108/a - (-2)/7. Let d(g) = -g**3 + g**2 + 4*g + 4. Let x be d(-2). Calculate the greatest common divisor of x and k.
8
Suppose 0*x + d - 902 = -x, 3 = d. Let i = 4670 + -4641. Calculate the highest common divisor of x and i.
29
Suppose -6*s = -271 + 241. Suppose -5*f - 3*o + 1125 = 0, s*f - 4*o - 525 = 635. What is the greatest common factor of 72 and f?
12
Let i(a) = 3*a**2 + 182*a - 412. Let o be i(-91). What is the greatest common factor of 1464 and o?
183
Let y = -4900 - -5373. Calculate the highest common factor of y and 88.
11
Suppose -15*h + 5918 = 158. Calculate the greatest common divisor of h and 112.
16
Let i(z) = 3*z**2 - 92*z - 1405. Let j be i(60). Calculate the greatest common factor of 125 and j.
125
Suppose -6 = 3*j - 5*j. Let z = 526 + -520. Let p = z + j. What is the greatest common divisor of p and 45?
9
Suppose -287*a = -32*a - 142800. What is the greatest common divisor of 688 and a?
16
Suppose j - 65 = 2*k, 3*j - 46*k - 235 = -48*k. What is the highest common factor of 8 and j?
1
Suppose 217*r - 2*s = 212*r + 1501, -r - s = -310. Calculate the greatest common divisor of 21412 and r.
101
Suppose -59 = -o + 3. Let n be -4*(-4 + 18/24*(5 - 10)). What is the highest common divisor of o and n?
31
Let s(h) = -313*h**2 - 7*h - 5. Let o be s(-1). Let i = 383 + o. What is the greatest common factor of 144 and i?
72
Let u be (-7 + 10 - 7) + (-754)/2. Let a = -265 - u. What is the highest common factor of 29 and a?
29
Suppose 5*w + 189 = -36*w + 2075. Calculate the greatest common divisor of 2760 and w.
46
Let b(z) be the first derivative of -15*z**2/2 - 103*z + 36. Let p be b(-7). What is the highest common divisor of p and 64?
2
Suppose -2*z = -7*z + 3*o + 141, 2*o = -3*z + 96. Suppose -k = -b + 104 - 0, k + 524 = 5*b. Calculate the greatest common divisor of z and b.
15
Let j = -711 + 714. Suppose 7*s + 45 = q + 2*s, -4*q + j*s = -146. What is the highest common factor of 45 and q?
5
Suppose 5*p + 4*a = -7950, 2*p - 3*p = -4*a + 1590. Let q be (-182)/(-42) + 2/3. Let r be 0 - 2 - (p/q)/3. Calculate the greatest common divisor of r and 13.
13
Suppose k = 3*k - 8. Suppose 33*c = -34*c + 132*c - 29120. Calculate the greatest common divisor of c and k.
4
Suppose 841518 = 193*p - 509289. Calculate the greatest common factor of p and 3.
3
Let i(f) = f - 4. Let g be i(7). Let w be 50/g + 2/6. Let q = 185 + -49. What is the highest common factor of w and q?
17
Let b = -1472 - -1542. Calculate the greatest common factor of b and 190.
10
Let w(t) be the first derivative of 9/2*t**2 + 17 - 10*t. Let f be w(2). Calculate